{"id":54,"date":"2023-04-04T11:10:02","date_gmt":"2023-04-04T09:10:02","guid":{"rendered":"http:\/\/soswketrzyn.pl\/?page_id=54"},"modified":"2023-04-04T11:10:03","modified_gmt":"2023-04-04T09:10:03","slug":"rodo","status":"publish","type":"page","link":"https:\/\/soswketrzyn.pl\/index.php\/rodo\/","title":{"rendered":"RODO"},"content":{"rendered":"\n<h2 class=\"wp-block-heading\">Dokumenty dotycz\u0105ce RODO w SPECJALNYM O\u015aRODKU SZKOLNO-WYCHOWAWCZYM im. \u015bw. Jana Paw\u0142a II w K\u0119trzynie<\/h2>\n\n\n\n<p>INFORMACJA DOTYCZ\u0104CA INSPEKTORA OCHRONY DANYCH<br>Informacja dotycz\u0105ca Inspektora Ochrony Danych<br><br>Spe\u0142niaj\u0105c obowi\u0105zek informacyjny wynikaj\u0105cy z art. 11 Ustawy o ochronie danych osobowych z dnia 10 maja 2018 r. (Dz.U. z 2018 r. poz. 1000), informujemy, i\u017c Inspektorem Ochrony Danych jest Pani Monika Zygmunt \u2013 Jaku\u0107 z kt\u00f3r\u0105 kontakt jest mo\u017cliwy za po\u015brednictwem adresu e-mail: iodososw@wp.pl<\/p>\n\n\n\n<p><strong>KLAUZULA INFORMACYJNA<\/strong><\/p>\n\n\n\n<p><em>Zgodnie art. 13 ust. 1 i 2 rozporz\u0105dzenia Parlamentu Europejskiego i Rady (UE) 2016\/679 z dnia<br>27 kwietnia 2016r. w sprawie ochrony os\u00f3b fizycznych w zwi\u0105zku z przetwarzaniem danych osobowych i w sprawie swobodnego przep\u0142ywu takich danych oraz uchylenia dyrektywy 95\/46\/WE (Dz. Urz. UE<br>L 119\/1 z 4.5.2016r.), dalej RODO, informuj\u0119, \u017ce:<\/em><\/p>\n\n\n\n<ol class=\"wp-block-list\">\n<li><em>Administratorem danych osobowych jest Specjalny O\u015brodek Szkolno-Wychowawczy im. \u015bw. Jana Paw\u0142a II z siedzib\u0105 ul. Klonowej 2 B, w K\u0119trzynie.<\/em><\/li>\n\n\n\n<li><em>Administrator powo\u0142a\u0142 Inspektora Ochrony Danych, z kt\u00f3rym mo\u017cna si\u0119 skontaktowa\u0107 poprzez adres korespondencyjny ul. \u2026\u2026\u2026\u2026\u2026\u2026\u2026\u2026\u2026\u2026\u2026\u2026\u2026\u2026.. oraz adres e-mail iodososw@wp.pl<\/em><\/li>\n\n\n\n<li><em>Dane osobowe przetwarzane b\u0119d\u0105 w celu realizacji praw i obowi\u0105zk\u00f3w, tj. w szczeg\u00f3lno\u015bci: realizacji zada\u0144 dydaktycznych, wychowawczych i opieku\u0144czych, zgodnie z Ustaw\u0105 z dnia<br>7 wrze\u015bnia 1991 r. o systemie o\u015bwiaty, na podstawie Art. 6 ust. 1 lit. c og\u00f3lnego rozporz\u0105dzenia o ochronie danych osobowych z dnia 27 kwietnia 2016 r.<\/em><\/li>\n\n\n\n<li><em>Odbiorc\u0105 danych osobowych b\u0119d\u0105:<\/em><\/li>\n<\/ol>\n\n\n\n<ol class=\"wp-block-list\">\n<li><em>podmioty przetwarzaj\u0105ce dane w imieniu Administratora, uczestnicz\u0105ce w wykonywaniu czynno\u015bci na rzecz Administratora tj.: podmioty obs\u0142uguj\u0105ce i utrzymuj\u0105ce nasz\u0105 sie\u0107 informatyczn\u0105, podmioty \u015bwiadcz\u0105ce us\u0142ugi doradcze, audytowe, pomoc prawn\u0105, obs\u0142ug\u0119 piel\u0119gniarsk\u0105, rachunkow\u0105;<\/em><\/li>\n\n\n\n<li><em>inne podmioty uprawnione na podstawie przepis\u00f3w prawa tj.: Ministerstwo Edukacji Narodowej, Kuratorium O\u015bwiaty, Starostwo Powiatowe. W przypadku kontaktu w formie tradycyjnej odbiorc\u0105 b\u0119dzie Poczta Polska. W przypadku komunikacji drog\u0105 elektroniczn\u0105 odbiorc\u0105 Pa\u0144stwa danych osobowych b\u0119dzie operator poczty elektronicznej.<\/em><\/li>\n<\/ol>\n\n\n\n<ol class=\"wp-block-list\" start=\"5\">\n<li><em>Dane osobowe b\u0119d\u0105 przechowywane przez okres zgodny z przepisami wy\u017cej wymienionej ustaw.<\/em><\/li>\n\n\n\n<li><em>Ka\u017cdy Ucze\u0144\/opiekun prawny posiada prawo dost\u0119pu do tre\u015bci swoich danych oraz prawo ich sprostowana, usuni\u0119cia, ograniczenia przetwarzania, prawo do przenoszenia danych, prawo wniesienia sprzeciwu, prawo do cofni\u0119cia zgody w dowolnym momencie bez wp\u0142ywu na zgodno\u015b\u0107 z prawem przetwarzania, kt\u00f3rego dokonano na podstawie zgody przed jej cofni\u0119ciem.<\/em><\/li>\n\n\n\n<li><em>W sytuacji, gdy Ucze\u0144\/opiekun prawny uzna, \u017ce przetwarzanie podanych danych osobowych narusza przepisy RODO posiada prawo do wniesienie skargi do organu nadzorczego w Polsce \u2013 Prezesa Urz\u0119du Ochrony Danych Osobowych.<\/em><\/li>\n\n\n\n<li><em>Podanie danych osobowych jest obowi\u0105zkowe ze wzgl\u0119du na przepisy prawa.<\/em><\/li>\n<\/ol>\n\n\n\n<p>\u2026\u2026\u2026\u2026\u2026\u2026\u2026\u2026\u2026\u2026\u2026\u2026\u2026\u2026\u2026\u2026\u2026..<\/p>\n\n\n\n<p>Piecz\u0105tka Szko\u0142y<\/p>\n\n\n\n<p><strong><em>KLAUZULE ZG\u00d3D<\/em><\/strong><\/p>\n\n\n\n<p><em>Zgodnie z art.6 ust.1 lit. a og\u00f3lnego rozporz\u0105dzenia o ochronie danych osobowych z dnia 27 kwietnia 2016 r. wyra\u017cam zgod\u0119 na przetwarzanie moich danych osobowych wizerunkowych do budowania pozytywnego wizerunku Administratora&nbsp; w przestrzeni publicznej i w mediach.<\/em><\/p>\n\n\n\n<p><em>Data i podpis &#8230;&#8230;&#8230;&#8230;&#8230;&#8230;&#8230;&#8230;&#8230;&#8230;&#8230;&#8230;&#8230;&#8230;&#8230;&#8230;&#8230;&#8230;&#8230;&#8230;.<\/em><\/p>\n\n\n\n<p><em>Zgodnie z art.6 ust.1 lit. a og\u00f3lnego rozporz\u0105dzenia o ochronie danych osobowych z dnia 27 kwietnia 2016 r. wyra\u017cam zgod\u0119 na przetwarzanie moich danych osobowych zawartych w szczeg\u00f3lno\u015bci<br>na dyplomach, listach gratulacyjnych, certyfikatach (imienia i nazwiska) w celu budowania pozytywnego wizerunku Administratora&nbsp; w przestrzeni publicznej i w mediach.<\/em><\/p>\n\n\n\n<p><em>Data i podpis &#8230;&#8230;&#8230;&#8230;&#8230;&#8230;&#8230;&#8230;&#8230;&#8230;&#8230;&#8230;&#8230;&#8230;&#8230;&#8230;&#8230;&#8230;&#8230;..<\/em><\/p>\n\n\n\n<p>\u2026\u2026\u2026\u2026\u2026\u2026\u2026\u2026\u2026\u2026\u2026\u2026\u2026\u2026\u2026\u2026\u2026..<\/p>\n\n\n\n<p>Piecz\u0105tka Szko\u0142y<\/p>\n\n\n\n<p><strong><em>KLAUZULE ZG\u00d3D<\/em><\/strong><\/p>\n\n\n\n<p><em>Zgodnie z art.6 ust.1 lit. a og\u00f3lnego rozporz\u0105dzenia o ochronie danych osobowych z dnia 27 kwietnia 2016 r. wyra\u017cam zgod\u0119 na przetwarzanie danych osobowych wizerunkowych mojego syna\/c\u00f3rki \u2026\u2026\u2026\u2026\u2026\u2026\u2026\u2026\u2026\u2026\u2026\u2026\u2026\u2026\u2026\u2026\u2026\u2026.. do budowania pozytywnego wizerunku Administratora&nbsp; w przestrzeni publicznej i w mediach.<\/em><\/p>\n\n\n\n<p><em>Data i podpis &#8230;&#8230;&#8230;&#8230;&#8230;&#8230;&#8230;&#8230;&#8230;&#8230;&#8230;&#8230;&#8230;&#8230;&#8230;&#8230;&#8230;&#8230;&#8230;&#8230;.<\/em><\/p>\n\n\n\n<p><em>Zgodnie z art.6 ust.1 lit. a og\u00f3lnego rozporz\u0105dzenia o ochronie danych osobowych z dnia 27 kwietnia 2016 r. wyra\u017cam zgod\u0119 na przetwarzanie danych osobowych syna\/c\u00f3rki\u2026\u2026\u2026\u2026\u2026\u2026\u2026\u2026\u2026\u2026\u2026\u2026\u2026\u2026\u2026\u2026\u2026\u2026.. zawartych w szczeg\u00f3lno\u015bci na dyplomach, listach gratulacyjnych, certyfikatach (imienia i nazwiska) &nbsp;&nbsp;&nbsp;&nbsp;&nbsp;&nbsp;&nbsp;&nbsp;&nbsp;&nbsp;&nbsp;w celu budowania pozytywnego wizerunku Administratora&nbsp; w przestrzeni publicznej i w mediach.<\/em><\/p>\n\n\n\n<p><em>Data i podpis &#8230;&#8230;&#8230;&#8230;&#8230;&#8230;&#8230;&#8230;&#8230;&#8230;&#8230;<\/em><\/p>\n\n\n\n<p><strong>KLAUZULA INFORMACYJNA PRACOWNICY<\/strong><\/p>\n\n\n\n<p><em>Zgodnie art. 13 ust. 1 i 2 rozporz\u0105dzenia Parlamentu Europejskiego i Rady (UE) 2016\/679 z dnia<br>27 kwietnia 2016r. w sprawie ochrony os\u00f3b fizycznych w zwi\u0105zku z przetwarzaniem danych osobowych i w sprawie swobodnego przep\u0142ywu takich danych oraz uchylenia dyrektywy 95\/46\/WE (Dz. Urz. UE<br>L 119\/1 z 4.5.2016r.), dalej RODO, informuj\u0119, \u017ce:<\/em><\/p>\n\n\n\n<ol class=\"wp-block-list\">\n<li><em>Administratorem Pani\/Pana danych osobowych jest Specjalny O\u015brodek Szkolno-Wychowawczy im. \u015bw. Jana Paw\u0142a II, z siedzib\u0105 przy ul. Klonowej 2b, K\u0119trzyn (11-400).<\/em><\/li>\n\n\n\n<li><em>Jednostka powo\u0142a\u0142a Inspektora Ochrony Danych, z kt\u00f3rym mo\u017cna si\u0119 skontaktowa\u0107 poprzez adres korespondencyjny Specjalny O\u015brodek Szkolno-Wychowawczy im. \u015bw. Jana Paw\u0142a II, ul. Klonowa 2b, 11-400 K\u0119trzyn oraz adres e-mail; iodososw@wp.pl<\/em><\/li>\n\n\n\n<li><em>Pani\/Pana dane osobowe przetwarzane b\u0119d\u0105 w celu realizacji praw i obowi\u0105zk\u00f3w,<br>w szczeg\u00f3lno\u015bci tj.:<\/em><\/li>\n<\/ol>\n\n\n\n<ol class=\"wp-block-list\">\n<li><em>w celu rozlicze\u0144 z Urz\u0119dem Skarbowym (Ustawa z dnia 26.07.1991 r. o podatku dochodowym od os\u00f3b fizycznych Dz.U.2018 poz. 1929 ze zm.),<\/em><\/li>\n\n\n\n<li><em>w celu rozlicze\u0144 z Zak\u0142adem Ubezpiecze\u0144 Spo\u0142ecznych (Ustawa z dnia 13.10.1998 r.<br>o systemie ubezpiecze\u0144 spo\u0142ecznych Dz.U.2018 poz. 1613 ze zm.),<\/em><\/li>\n\n\n\n<li><em>w celu rozlicze\u0144 z G\u0142\u00f3wnym Urz\u0119dem Statystycznym (Ustawa z dnia 29 czerwca 1995 r. o statystyce publicznej Dz.u.2018 poz. 1669 ze zm.),<\/em><\/li>\n\n\n\n<li><em>w celu ustalenia wymiaru przys\u0142uguj\u0105cego urlopu wypoczynkowego (Ustawa Kodeks Pracy Dz.u.2018 poz. 2245 ze zm.),<\/em><\/li>\n\n\n\n<li><em>w celu zawiadomienia cz\u0142onka rodziny w razie wypadku pracownika,<\/em><\/li>\n\n\n\n<li><em>w celu p\u00f3\u017aniejszej archiwizacji przez&nbsp;<a>okres 50 lub 10 lat&nbsp;<\/a><\/em><a href=\"https:\/\/soswketrzyn.edupage.org\/text\/?text=text\/text7&amp;subpage=1#_msocom_1\">[MM1]<\/a>&nbsp;<em>od zako\u0144czenia pracy (Ustawa o zmianie niekt\u00f3rych ustaw w zwi\u0105zku ze skr\u00f3ceniem okresu przechowywania akt pracowniczych oraz ich elektronizacj\u0105 Dz.U. 2018 poz. 357 ze zm.),<\/em><\/li>\n\n\n\n<li><em>w celu wystawienia \u015bwiadectwa pracy w razie zako\u0144czenia stosunku pracy (Ustawa Kodeks Pracy Dz.u.2018 poz. 2245 ze zm.).<\/em><\/li>\n<\/ol>\n\n\n\n<ol class=\"wp-block-list\" start=\"4\">\n<li><em>Odbiorc\u0105 Pani\/Pana danych osobowych b\u0119d\u0105 zewn\u0119trzne podmioty \u015bwiadcz\u0105ce na rzecz Administratora us\u0142ugi tj. m.in. obs\u0142uga podr\u00f3\u017cy s\u0142u\u017cbowych (hotele, serwisy rezerwacyjne), obs\u0142uga wykonywania bada\u0144 pracowniczych (medycyna pracy), obs\u0142uga ubezpiecze\u0144 (grupowe ubezpieczenia na \u017cycie), obs\u0142uga&nbsp; szkoleniowa (szkolenia pracownik\u00f3w), obs\u0142uga bankowo\u015bci elektronicznej (realizacja przelew\u00f3w), obs\u0142uga BHP, obs\u0142uga inform<\/em><em>atyczna (w ramach dost\u0119pu do system\u00f3w informatycznych), obs\u0142uga kadrowo-ksi\u0119gowa (prowadzenia akt osobowych pracownik\u00f3w oraz obs\u0142uga ksi\u0119gowa realizowana przez Centrum Us\u0142ug Wsp\u00f3lnych Powiatu K\u0119trzy\u0144skiego). Ponadto w zadane s\u0105 przekazywane organom administracji publicznej (je\u017celi wynika to z przepisu prawa, decyzji administracyjnej lub orzeczenia s\u0105dowego).<\/em><\/li>\n\n\n\n<li><em>Pani\/Pana dane osobowe b\u0119d\u0105 przechowywane przez okres trwania stosunku pracy oraz<br>w obowi\u0105zkowym okresie przechowywania dokumentacji zwi\u0105zanej ze stosunkiem pracy i akt osobowych, ustalonym zgodnie z odr\u0119bnymi przepisami.<\/em><\/li>\n\n\n\n<li><em>Posiada Pani\/Pan prawo dost\u0119pu do tre\u015bci swoich danych oraz prawo ich sprostowana, usuni\u0119cia, ograniczenia przetwarzania, prawo do przenoszenia danych, prawo wniesienia sprzeciwu, prawo do cofni\u0119cia zgody w dowolnym momencie bez wp\u0142ywu na zgodno\u015b\u0107 z prawem przetwarzania, kt\u00f3rego dokonano na podstawie zgody przed jej cofni\u0119ciem.<\/em><\/li>\n\n\n\n<li><em>W sytuacji, gdy uzna Pani\/Pan, \u017ce przetwarzanie podanych danych osobowych narusza przepisy RODO posiada Pan\/Pani prawo do wniesienie skargi do organu nadzorczego w Polsce \u2013 Prezesa Urz\u0119du Ochrony Danych Osobowych.<\/em><\/li>\n\n\n\n<li><em>Podanie przez Pani\u0105\/Pana danych osobowych jest wymogiem ustawowym; ich nieprzekazanie spowoduje niemo\u017cno\u015b\u0107 realizacji zawartej umowy o prac\u0119 i zwi\u0105zanych z ni\u0105 obowi\u0105zk\u00f3w podatkowo \u2013 sk\u0142adkowych, w pozosta\u0142ych przypadkach jest nieobowi\u0105zkowe.<\/em><\/li>\n<\/ol>\n\n\n\n<hr class=\"wp-block-separator has-alpha-channel-opacity\"\/>\n\n\n\n<p>&nbsp;<a href=\"https:\/\/soswketrzyn.edupage.org\/text\/?text=text\/text7&amp;subpage=1#_msoanchor_1\">[MM1]<\/a>10-letni okres przechowywania dokument\u00f3w dotyczy pracownik\u00f3w:<\/p>\n\n\n\n<ul class=\"wp-block-list\">\n<li>&nbsp;zatrudnionych po 1 stycznia 2019 r.<\/li>\n\n\n\n<li>&nbsp;zatrudnionych w latach 1999 a 2019, pod warunkiem, \u017ce z\u0142o\u017cysz do ZUS:<\/li>\n\n\n\n<li>&nbsp;o\u015bwiadczenie (ZUS OSW) oraz raport informacyjny (ZUS RIA).<\/li>\n<\/ul>\n\n\n\n<p>Wa\u017cne! Okres 10-lat biegnie od ko\u0144ca roku, w kt\u00f3rym zostanie z\u0142o\u017cony raport informacyjny).<\/p>\n\n\n\n<p>Dokumentacja pracownik\u00f3w zatrudnionych przed 1 stycznia 1999 r. jest przechowywana na dotychczasowych zasadach, czyli 50 lat. Nie ma znaczenia, czy osoba ta jeszcze pracuje, czy nie.<\/p>\n\n\n\n<p><strong>klauzule informacyjne monitoring<\/strong><\/p>\n\n\n\n<figure class=\"wp-block-table\"><table><tbody><tr><td>Administratorem systemu monitoringu jest Specjalny O\u015brodek Szkolno-Wychowawczy im. \u015bw. Jana Paw\u0142a II z siedzib\u0105 przy ul. Klonowej 2b, 11-400 K\u0119trzyn. Z administratorem mo\u017cna kontaktowa\u0107 si\u0119 pisemnie za po\u015brednictwem poczty tradycyjnej lub e-mail:iodososw@wp.pl,Monitoring stosowany jest w celu zapewnienia bezpiecze\u0144stwa uczni\u00f3w, pracownik\u00f3w szko\u0142y i os\u00f3b przebywaj\u0105cych na terenie administratora oraz w celu ochrony mienia, dochodzenie ewentualnych roszcze\u0144 za szkody spowodowane przez pracownik\u00f3w lub osoby trzecie,Podstaw\u0105 przetwarzania jest prawnie uzasadniony interes administratora,Zapisy z monitoringu&nbsp; przechowywane b\u0119d\u0105 przez ok. 14 dni &#8211; do nadpisania,Osoba zarejestrowana przez system monitoringu ma prawo do dost\u0119pu do danych osobowych,<\/td><\/tr><\/tbody><\/table><\/figure>\n\n\n\n<p>Osobie zarejestrowanej przez system monitoringu przys\u0142uguje prawo wniesienia skargi do organu nadzorczego<\/p>\n\n\n\n<p><strong>KLAUZULA INFORMACYJNA<\/strong><\/p>\n\n\n\n<p>Na podstawie art. 13 ust. 1 i 2 Rozporz\u0105dzenia Parlamentu Europejskiego i Rady (UE) 2016\/679 z dnia 27 kwietnia 2016r. w sprawie ochrony os\u00f3b fizycznych w zwi\u0105zku z przetwarzaniem danych osobowych i w sprawie swobodnego przep\u0142ywu takich danych oraz uchylenia dyrektywy 95\/46\/WE (og\u00f3lne rozporz\u0105dzenie o ochronie danych), Dz. U. UE . L. 2016.119.1 z dnia 4 maja 2016r., zwanego dalej RODO informujemy, i\u017c:<\/p>\n\n\n\n<ol class=\"wp-block-list\">\n<li>Administratorem danych osobowych jest Specjalny O\u015brodek Szkolno-Wychowawczy im. \u015bw. Jana Paw\u0142a II w K\u0119trzynie, ul. Klonowa 2B, 11- 400 K\u0119trzyn, tel. +48897512355<\/li>\n\n\n\n<li>Administrator powo\u0142a\u0142 Inspektora Ochrony Danych z kt\u00f3rym kontakt mo\u017cliwy jest zar\u00f3wno przez korespondencj\u0119 tradycyjn\u0105 na adres wskazany w pkt 1 z dopiskiem \u201eInspektor ochrony Danych\u201d,&nbsp; jak i poprzez adres e-mail: iodososw@wp.pl<\/li>\n\n\n\n<li>Administrator przetwarza zebrane dane w celu realizacji zada\u0144 ustawowych i statutowych Szko\u0142y, w szczeg\u00f3lno\u015bci do realizacji zada\u0144 dydaktycznych, opieku\u0144czych oraz zapewnienia bezpiecze\u0144stwa uczniom jak i cel\u00f3w rozlicze\u0144 finansowych i cel\u00f3w archiwalnych.<\/li>\n\n\n\n<li>Dane gromadzone i przetwarzane s\u0105 w trybie art. 6 ust. 1 lit a i art. 9 ust. 2 lit. a RODO oraz art. 6 ust. 1 lit. c i art. 9 ust. 2 lit. g RODO &nbsp;w zwi\u0105zku z art. 47 ust. 1 pkt 7 ustawy z dnia 14 grudnia 2016 r. Prawo o\u015bwiatowe, ustaw\u0105 z dnia 7 wrze\u015bnia 1991 r. o systemie o\u015bwiaty i rozporz\u0105dzeniem MEN z dnia 25 sierpnia 2017 r. w sprawie sposobu prowadzenia przez publiczne przedszkola, szko\u0142y i plac\u00f3wki dokumentacji przebiegu nauczania, dzia\u0142alno\u015bci wychowawczej i opieku\u0144czej oraz rodzaj\u00f3w tej dokumentacji.<\/li>\n\n\n\n<li>Zebrane dane osobowe mog\u0105 by\u0107 przekazywane g\u0142\u00f3wnie podmiotom zewn\u0119trznym dostarczaj\u0105cym i wspieraj\u0105cym systemy teleinformatyczne Szko\u0142y, dostawcom us\u0142ug prawnych, doradczych, ubezpieczeniowych, medycznych, audytowych&nbsp; czy rachunkowych, podmiotom organizuj\u0105cym wycieczki, zaj\u0119cia dodatkowe na terenie Szko\u0142y i poza ni\u0105, itp.&nbsp; Podmioty te b\u0119d\u0105 jednak przetwarza\u0107 Pa\u0144stwa dane jedynie na zlecenie&nbsp; Szko\u0142y na podstawie niezb\u0119dnych um\u00f3w powierzenia przetwarzania danych oraz przy zapewnieniu przez te podmioty odpowiednich \u015brodk\u00f3w w celu ochrony danych. Odbiorcami Pa\u0144stwa danych osobowych b\u0119d\u0105 tylko instytucje upowa\u017cnione z mocy prawa (np. Policja, Prokuratura, S\u0105d, oraz organom pe\u0142ni\u0105cym nadz\u00f3r nad Szko\u0142\u0105.).<\/li>\n\n\n\n<li>Nie przekazujemy Pa\u0144stwa danych poza Uni\u0119 Europejsk\u0105.<\/li>\n\n\n\n<li>Ka\u017cda osoba, kt\u00f3rej dane dotycz\u0105 jest uprawniona w trybie art. 15 RODO do uzyskania dost\u0119pu do jej danych osobowych, sprostowania danych, usuni\u0119cia lub ograniczenia przetwarzania (je\u015bli zachodz\u0105 przes\u0142anki z art. 17&nbsp; &#8211; usuni\u0119cie danych a w przypadku ograniczenia przetwarzania w ramach art. 18 RODO). W zakresie w jakim dane przetwarzane s\u0105 na podstawie zgody przys\u0142uguje r\u00f3wnie\u017c prawo do jej wycofania, kt\u00f3re mo\u017cna zrealizowa\u0107 w ka\u017cdym czasie poprzez zg\u0142oszenie tego faktu w formie papierowej lub elektronicznej (adres: Specjalny O\u015brodek Szkolno-Wychowawczy im. \u015bw. Jana Paw\u0142a II w K\u0119trzynie, ul. Klonowa 2B, 11- 400 K\u0119trzyn, e-mail: iodososw@wp.pl). Cofniecie zgody pozostanie bez wp\u0142ywu na zgodno\u015b\u0107 z prawem przetwarzania, kt\u00f3rego dokonano przed wycofaniem zgody.<\/li>\n\n\n\n<li>Ka\u017cda osoba, kt\u00f3rej dane dotycz\u0105 ma prawo wnie\u015b\u0107 skarg\u0119 do organu nadzorczego tj. Prezesa Urz\u0119du Ochrony Danych Osobowych z siedzib\u0105 w Warszawie (ul. Stawki 2, 00-193 Warszawa).<\/li>\n\n\n\n<li>Przetwarzane przez Szko\u0142\u0119 dane osobowe b\u0119d\u0105 przechowywane jedynie przez okres konieczny do realizacji celu w jakim zosta\u0142y pozyskane oraz zgodnie z terminami archiwizacji okre\u015blonymi przez ustawy kompetencyjne, ustaw\u0119 z dnia 14 lipca 1983 r. o narodowym zasobie archiwalnym i archiwach (Dz. U. z 2018 r. poz. 217), rozporz\u0105dzenie Prezesa Rady Ministr\u00f3w z dnia 18 stycznia 2011 r. w sprawie instrukcji kancelaryjnej, jednolitych rzeczowych wykaz\u00f3w akt oraz instrukcji w sprawie organizacji i zakresu dzia\u0142ania archiw\u00f3w zak\u0142adowych.&nbsp;<\/li>\n\n\n\n<li>Administrator nie b\u0119dzie przetwarza\u0142 danych w spos\u00f3b zautomatyzowany. Zebrane dane nie b\u0119d\u0105 poddane profilowaniu.<\/li>\n<\/ol>\n\n\n\n<div class=\"wp-block-file\"><a id=\"wp-block-file--media-72008993-08f3-4090-8d31-c0763981fe83\" href=\"https:\/\/soswketrzyn.pl\/wp-content\/uploads\/2023\/04\/Zalacznik_nr_3_-_Klauzule_informacyjne_monitoring.docx\">Zalacznik_nr_3_-_Klauzule_informacyjne_monitoring<\/a><a href=\"https:\/\/soswketrzyn.pl\/wp-content\/uploads\/2023\/04\/Zalacznik_nr_3_-_Klauzule_informacyjne_monitoring.docx\" class=\"wp-block-file__button wp-element-button\" download aria-describedby=\"wp-block-file--media-72008993-08f3-4090-8d31-c0763981fe83\">Pobierz<\/a><\/div>\n\n\n\n<div class=\"wp-block-file\"><a id=\"wp-block-file--media-8245065a-bcc3-40a6-a7a9-ffe9c14c5f5b\" href=\"https:\/\/soswketrzyn.pl\/wp-content\/uploads\/2023\/04\/KLAUZULA_INFORMACYJNA_PRACOWNICY_na_strone.docx\">KLAUZULA_INFORMACYJNA_PRACOWNICY_na_strone<\/a><a href=\"https:\/\/soswketrzyn.pl\/wp-content\/uploads\/2023\/04\/KLAUZULA_INFORMACYJNA_PRACOWNICY_na_strone.docx\" class=\"wp-block-file__button wp-element-button\" download aria-describedby=\"wp-block-file--media-8245065a-bcc3-40a6-a7a9-ffe9c14c5f5b\">Pobierz<\/a><\/div>\n\n\n\n<div class=\"wp-block-file\"><a id=\"wp-block-file--media-3b4ea8c0-4871-495d-85a1-2b75333f852f\" href=\"https:\/\/soswketrzyn.pl\/wp-content\/uploads\/2023\/04\/KLAUZULA_DLA_UCZNIOW_i_RODZICOW.docx\">KLAUZULA_DLA_UCZNIOW_i_RODZICOW<\/a><a href=\"https:\/\/soswketrzyn.pl\/wp-content\/uploads\/2023\/04\/KLAUZULA_DLA_UCZNIOW_i_RODZICOW.docx\" class=\"wp-block-file__button wp-element-button\" download aria-describedby=\"wp-block-file--media-3b4ea8c0-4871-495d-85a1-2b75333f852f\">Pobierz<\/a><\/div>\n\n\n\n<div class=\"wp-block-file\"><a id=\"wp-block-file--media-c7047530-7514-484d-bfb1-7614fbe343b1\" href=\"https:\/\/soswketrzyn.pl\/wp-content\/uploads\/2023\/04\/KLAUZULA_DLA_SZKOL_STRONA_WWW.docx\">KLAUZULA_DLA_SZKOL_STRONA_WWW<\/a><a href=\"https:\/\/soswketrzyn.pl\/wp-content\/uploads\/2023\/04\/KLAUZULA_DLA_SZKOL_STRONA_WWW.docx\" class=\"wp-block-file__button wp-element-button\" download aria-describedby=\"wp-block-file--media-c7047530-7514-484d-bfb1-7614fbe343b1\">Pobierz<\/a><\/div>\n\n\n\n<div class=\"wp-block-file\"><a id=\"wp-block-file--media-3ab822da-7192-4f6e-98e7-0aa14231317e\" href=\"https:\/\/soswketrzyn.pl\/wp-content\/uploads\/2023\/04\/INFORMACJA_DOTYCZaCA_INSPEKTORA_OCHRONY_DANYCH.docx\">INFORMACJA_DOTYCZaCA_INSPEKTORA_OCHRONY_DANYCH<\/a><a href=\"https:\/\/soswketrzyn.pl\/wp-content\/uploads\/2023\/04\/INFORMACJA_DOTYCZaCA_INSPEKTORA_OCHRONY_DANYCH.docx\" class=\"wp-block-file__button wp-element-button\" download aria-describedby=\"wp-block-file--media-3ab822da-7192-4f6e-98e7-0aa14231317e\">Pobierz<\/a><\/div>\n","protected":false},"excerpt":{"rendered":"<p>Dokumenty dotycz\u0105ce RODO w SPECJALNYM O\u015aRODKU SZKOLNO-WYCHOWAWCZYM im. \u015bw. Jana Paw\u0142a II w K\u0119trzynie INFORMACJA DOTYCZ\u0104CA INSPEKTORA OCHRONY DANYCHInformacja dotycz\u0105ca &hellip; <\/p>\n","protected":false},"author":1,"featured_media":0,"parent":0,"menu_order":0,"comment_status":"closed","ping_status":"closed","template":"","meta":{"footnotes":""},"class_list":["post-54","page","type-page","status-publish","hentry"],"_links":{"self":[{"href":"https:\/\/soswketrzyn.pl\/index.php\/wp-json\/wp\/v2\/pages\/54"}],"collection":[{"href":"https:\/\/soswketrzyn.pl\/index.php\/wp-json\/wp\/v2\/pages"}],"about":[{"href":"https:\/\/soswketrzyn.pl\/index.php\/wp-json\/wp\/v2\/types\/page"}],"author":[{"embeddable":true,"href":"https:\/\/soswketrzyn.pl\/index.php\/wp-json\/wp\/v2\/users\/1"}],"replies":[{"embeddable":true,"href":"https:\/\/soswketrzyn.pl\/index.php\/wp-json\/wp\/v2\/comments?post=54"}],"version-history":[{"count":2,"href":"https:\/\/soswketrzyn.pl\/index.php\/wp-json\/wp\/v2\/pages\/54\/revisions"}],"predecessor-version":[{"id":61,"href":"https:\/\/soswketrzyn.pl\/index.php\/wp-json\/wp\/v2\/pages\/54\/revisions\/61"}],"wp:attachment":[{"href":"https:\/\/soswketrzyn.pl\/index.php\/wp-json\/wp\/v2\/media?parent=54"}],"curies":[{"name":"wp","href":"https:\/\/api.w.org\/{rel}","templated":true}]}}