{"id":132,"date":"2023-04-05T10:31:21","date_gmt":"2023-04-05T08:31:21","guid":{"rendered":"http:\/\/soswketrzyn.pl\/?page_id=132"},"modified":"2023-04-27T10:25:37","modified_gmt":"2023-04-27T08:25:37","slug":"poradnik-dla-rodzicow","status":"publish","type":"page","link":"https:\/\/soswketrzyn.pl\/index.php\/poradnik-dla-rodzicow\/","title":{"rendered":"Poradnik dla rodzic\u00f3w"},"content":{"rendered":"\n<p><\/p>\n\n\n\n<p class=\"has-large-font-size\"><strong>BEZPIECZE\u0143STWO W SIECI <\/strong><\/p>\n\n\n\n<p><img decoding=\"async\" src=\"\/\/cloud7z.edupage.org\/cloud?z%3A8X5xZWX7QRKfZRvB3%2B4qN67BrabY2lPeQdasOZC7wykSg6TdediO%2BQDqeRkV640%2F\" alt=\"\" style=\"width: 600px;\"><\/p>\n\n\n\n<p><strong>Najcz\u0119stsze zagro\u017cenia, na jakie nara\u017cone s\u0105 dzieci w Internecie:<\/strong><\/p>\n\n\n\n<ol class=\"wp-block-list\">\n<li><strong>kontakt z materia\u0142ami zawieraj\u0105cymi tre\u015bci nieodpowiednie do wieku dziecka<\/strong><\/li>\n\n\n\n<li><strong>&nbsp;niebezpieczne kontakty<\/strong><\/li>\n\n\n\n<li><strong>&nbsp;cyberprzemoc<\/strong><\/li>\n\n\n\n<li><strong>&nbsp;nie\u015bwiadome uczestniczenie w&nbsp;dzia\u0142aniach niezgodnych&nbsp; z&nbsp;prawem<\/strong><\/li>\n\n\n\n<li><strong>&nbsp;nie\u015bwiadome udost\u0119pnianie informacji (np. numer\u00f3w kart, adres\u00f3w, hase\u0142)<\/strong><\/li>\n\n\n\n<li><strong>&nbsp;uzale\u017cnienie od Internetu, zaburzenie relacji z r\u00f3wie\u015bnikami w realnym \u015bwieci<\/strong><\/li>\n<\/ol>\n\n\n\n<p><strong>Szkodliwe tre\u015bci<\/strong><\/p>\n\n\n\n<ul class=\"wp-block-list\">\n<li>Mog\u0105 sprawi\u0107, \u017ce \u015bwiat staje si\u0119 dla dziecka niezrozumia\u0142y, zagra\u017caj\u0105cy i przestanie czu\u0107 si\u0119 w nim bezpieczne.<\/li>\n\n\n\n<li>Mog\u0105 sk\u0142oni\u0107 dziecko do podj\u0119cia dzia\u0142a\u0144 na szkod\u0119 swoj\u0105 lub innych ludzi (w tym do dzia\u0142a\u0144 niezgodnych z prawem).<\/li>\n\n\n\n<li>Mog\u0105 doprowadzi\u0107 do kontakt\u00f3w z osobami, kt\u00f3re maj\u0105 wobec dziecka z\u0142e intencje.<\/li>\n\n\n\n<li>Kontakt z tre\u015bciami pornograficznymi zaburza rozw\u00f3j psychoseksualny dziecka.<\/li>\n\n\n\n<li>Kontakt z tre\u015bciami zawieraj\u0105cymi przemoc czy rasistowskimi mo\u017ce je zach\u0119ci\u0107 do zachowa\u0144 agresywnych wobec r\u00f3wie\u015bnik\u00f3w, s\u0142abszych czy ludzi innej narodowo\u015bci, wyznania itd.<\/li>\n<\/ul>\n\n\n\n<p><strong>CYBERPRZEMOC<\/strong><\/p>\n\n\n\n<p><strong>Cyberprzemoc to nowe oblicze przemocy r\u00f3wie\u015bniczej z wykorzystaniem r\u00f3\u017cnych technologii informacyjnych i komunikacyjnych, jak np.:<\/strong><\/p>\n\n\n\n<ul class=\"wp-block-list\">\n<li><strong>poczta elektroniczna,<\/strong><\/li>\n\n\n\n<li><strong>czaty,<\/strong><\/li>\n\n\n\n<li><strong>komunikatory,<\/strong><\/li>\n\n\n\n<li><strong>strony internetowe,<br>blogi,<\/strong><\/li>\n\n\n\n<li><strong>serwisy spo\u0142eczno\u015bciowe,<\/strong><\/li>\n\n\n\n<li><strong>telefony kom\u00f3rkowe.<\/strong><\/li>\n<\/ul>\n\n\n\n<p><strong>Akty cyberprzemocy przyjmuj\u0105 r\u00f3\u017cne formy:<\/strong><\/p>\n\n\n\n<ul class=\"wp-block-list\">\n<li><strong>n\u0119kanie,<\/strong><\/li>\n\n\n\n<li><strong>straszenie,<\/strong><\/li>\n\n\n\n<li><strong>szanta\u017cowanie,<\/strong><\/li>\n\n\n\n<li><strong>publikowanie lub rozsy\u0142anie o\u015bmieszaj\u0105cych, kompromituj\u0105cych zdj\u0119\u0107, film\u00f3w, tekst\u00f3w<\/strong><\/li>\n\n\n\n<li><strong>podszywanie si\u0119 w sieci pod kogo\u015b wbrew jego woli<\/strong><\/li>\n<\/ul>\n\n\n\n<p><strong>SERWISY SPO\u0141ECZNO\u015aCIOWE<\/strong><\/p>\n\n\n\n<p><strong>Surfuj\u0105c po Internecie, nie jeste\u015bmy anonimowi. Brak dba\u0142o\u015bci ludzi o w\u0142asn\u0105 prywatno\u015b\u0107 jest niepokoj\u0105cym zjawiskiem.<\/strong><\/p>\n\n\n\n<p><strong>Pami\u0119tajmy, \u017ce zamieszczaj\u0105c w\u0142asne zdj\u0119cia w naszym domu, czy przy naszym samochodzie, tak naprawd\u0119 sprzedajemy informacje o naszym stanie maj\u0105tkowym.<\/strong><\/p>\n\n\n\n<p><strong>Bogaci ludzie tego nie robi\u0105 \u2013 dlaczego &#8211; dla swojego bezpiecze\u0144stwa.<\/strong><\/p>\n\n\n\n<p><strong>KORZYSTANIE Z KOMUNIKATOR\u00d3W I CZAT\u00d3W<\/strong><\/p>\n\n\n\n<p><strong><u>Komunikator internetowy, Czat&nbsp; (np. Gadu-gadu, Skype, Tlen, Google Talk itp<\/u><\/strong><\/p>\n\n\n\n<p><strong>W komunikatorach tre\u015bci rozm\u00f3w nie s\u0105 w \u017caden spos\u00f3b kontrolowane.<\/strong><\/p>\n\n\n\n<p><strong>Coraz wi\u0119cej czat\u00f3w oferuje mo\u017cliwo\u015b\u0107 przekazu obrazu za pomoc\u0105 kamer wideo.<\/strong><\/p>\n\n\n\n<p><strong>Dla \u0142atwiejszego odszukiwania rozm\u00f3wc\u00f3w tworzone s\u0105 katalogi u\u017cytkownik\u00f3w. Je\u015bli kto\u015b umie\u015bci\u0142 w nim swoje dane osobowe (imi\u0119, nazwisko, rok urodzenia, adres, p\u0142e\u0107 itp.), to wszyscy inni u\u017cytkownicy maj\u0105 do nich wgl\u0105d i mog\u0105 odszuka\u0107 na ich podstawie dan\u0105 osob\u0119 w katalogu.<\/strong><\/p>\n\n\n\n<p><strong>ZESP\u00d3\u0141 UZALE\u017bNIENIA OD INTERNETU<\/strong><\/p>\n\n\n\n<p><em><u><strong>Gry komputerowe<\/strong><\/u><\/em><\/p>\n\n\n\n<p><strong>Zjawisko gier komputerowych budzi obecnie niezwykle silne emocje, zar\u00f3wno dzieci, m\u0142odzie\u017cy, jak i doros\u0142ych.<\/strong><\/p>\n\n\n\n<p><strong>Z jednej strony gry komputerowe s\u0105 odbierane jako nowoczesna i bardzo atrakcyjna zabawa, pozwalaj\u0105ca prze\u017cy\u0107 wiele fascynuj\u0105cych przyg\u00f3d w wirtualnym \u015bwiecie.<\/strong><\/p>\n\n\n\n<p><strong>Z drugiej strony ta&nbsp; ,,nowoczesna forma zabawy\u201d cz\u0119sto przera\u017ca ogromnym \u0142adunkiem przemocy budz\u0105c niepok\u00f3j co do negatywnego wp\u0142ywu tych tre\u015bci na rozw\u00f3j dziecka.<\/strong><\/p>\n\n\n\n<p><strong>BIBLIOGRAFIA I CIEKAWE STRONY:<\/strong><\/p>\n\n\n\n<p><strong>Artur Samowski-&#8222;Spo\u0142ecze\u0144stwo Cyfrowe&#8221;<\/strong><\/p>\n\n\n\n<ul class=\"wp-block-list\">\n<li><strong>art. 197 kodeksu karnego Dz. U. z 1997 r. Nr 88, poz. 553<\/strong><\/li>\n\n\n\n<li><strong>art. 200 kodeksu karnego Dz. U. z 2009 r. Nr 206, poz. 1589<\/strong><\/li>\n\n\n\n<li><strong>art. 200a kodeksu karnego Dz. U. z 2009 r. Nr 206, poz. 1589<\/strong><\/li>\n\n\n\n<li><strong>www.dzieckowsieci.pl<\/strong><\/li>\n\n\n\n<li><strong>www.pegi.info<\/strong><\/li>\n\n\n\n<li><strong>www.sieciaki.pl<\/strong><\/li>\n\n\n\n<li><strong>www.brpd.gov.pl<\/strong><\/li>\n\n\n\n<li><strong>www.kidprotect.pl<\/strong><\/li>\n\n\n\n<li><strong>www.helpline.pl<\/strong><\/li>\n\n\n\n<li><strong>www.dyzurnet.pl<\/strong><\/li>\n\n\n\n<li><strong>www.pegi.info<\/strong><\/li>\n\n\n\n<li><strong>www.saferinternet.pl<\/strong><\/li>\n\n\n\n<li><strong>www.akmed.waw.pl\/sie\u0107<\/strong><\/li>\n<\/ul>\n\n\n\n<p><strong>OPRACOWA\u0141 :<\/strong> <strong>Leszek Stosik<\/strong><\/p>\n\n\n\n<p class=\"has-large-font-size\">GAZETKI DLA RODZIC\u00d3W<\/p>\n\n\n\n<div data-wp-interactive=\"core\/file\" class=\"wp-block-file\"><object data-wp-bind--hidden=\"!state.hasPdfPreview\"  class=\"wp-block-file__embed\" data=\"https:\/\/soswketrzyn.pl\/wp-content\/uploads\/2023\/04\/PORADNIK_RODZICA-_nr_1-2.pdf\" type=\"application\/pdf\" style=\"width:100%;height:600px\" aria-label=\"Osadzone z PORADNIK_RODZICA-_nr_1-2.\"><\/object><a id=\"wp-block-file--media-d335d5fb-4c66-4fea-b207-8b5c88a035a0\" href=\"https:\/\/soswketrzyn.pl\/wp-content\/uploads\/2023\/04\/PORADNIK_RODZICA-_nr_1-2.pdf\">PORADNIK_RODZICA-_nr_1-2<\/a><a href=\"https:\/\/soswketrzyn.pl\/wp-content\/uploads\/2023\/04\/PORADNIK_RODZICA-_nr_1-2.pdf\" class=\"wp-block-file__button wp-element-button\" download aria-describedby=\"wp-block-file--media-d335d5fb-4c66-4fea-b207-8b5c88a035a0\">Pobierz<\/a><\/div>\n\n\n\n<div data-wp-interactive=\"core\/file\" class=\"wp-block-file\"><object data-wp-bind--hidden=\"!state.hasPdfPreview\"  class=\"wp-block-file__embed\" data=\"https:\/\/soswketrzyn.pl\/wp-content\/uploads\/2023\/04\/PORADNIK_RODZICA-_nr_2-1.pdf\" type=\"application\/pdf\" style=\"width:100%;height:600px\" aria-label=\"Osadzone z PORADNIK_RODZICA-_nr_2-1.\"><\/object><a id=\"wp-block-file--media-38c0dd2a-dd62-4fcd-98fc-9100009e16e3\" href=\"https:\/\/soswketrzyn.pl\/wp-content\/uploads\/2023\/04\/PORADNIK_RODZICA-_nr_2-1.pdf\">PORADNIK_RODZICA-_nr_2-1<\/a><a href=\"https:\/\/soswketrzyn.pl\/wp-content\/uploads\/2023\/04\/PORADNIK_RODZICA-_nr_2-1.pdf\" class=\"wp-block-file__button wp-element-button\" download aria-describedby=\"wp-block-file--media-38c0dd2a-dd62-4fcd-98fc-9100009e16e3\">Pobierz<\/a><\/div>\n\n\n\n<div data-wp-interactive=\"core\/file\" class=\"wp-block-file\"><object data-wp-bind--hidden=\"!state.hasPdfPreview\"  class=\"wp-block-file__embed\" data=\"https:\/\/soswketrzyn.pl\/wp-content\/uploads\/2023\/04\/PORADNIK_RODZICA-_nr_3.pdf\" type=\"application\/pdf\" style=\"width:100%;height:600px\" aria-label=\"Osadzone z PORADNIK_RODZICA-_nr_3.\"><\/object><a id=\"wp-block-file--media-5055725a-7235-47e0-be09-21d7cf737928\" href=\"https:\/\/soswketrzyn.pl\/wp-content\/uploads\/2023\/04\/PORADNIK_RODZICA-_nr_3.pdf\">PORADNIK_RODZICA-_nr_3<\/a><a href=\"https:\/\/soswketrzyn.pl\/wp-content\/uploads\/2023\/04\/PORADNIK_RODZICA-_nr_3.pdf\" class=\"wp-block-file__button wp-element-button\" download aria-describedby=\"wp-block-file--media-5055725a-7235-47e0-be09-21d7cf737928\">Pobierz<\/a><\/div>\n\n\n\n<div data-wp-interactive=\"core\/file\" class=\"wp-block-file\"><object data-wp-bind--hidden=\"!state.hasPdfPreview\"  class=\"wp-block-file__embed\" data=\"https:\/\/soswketrzyn.pl\/wp-content\/uploads\/2023\/04\/PORADNIK_RODZICA_nr_4.pdf\" type=\"application\/pdf\" style=\"width:100%;height:600px\" aria-label=\"Osadzone z PORADNIK_RODZICA_nr_4.\"><\/object><a id=\"wp-block-file--media-c9c89efe-02ca-46f6-8ddc-e88fd4797338\" href=\"https:\/\/soswketrzyn.pl\/wp-content\/uploads\/2023\/04\/PORADNIK_RODZICA_nr_4.pdf\">PORADNIK_RODZICA_nr_4<\/a><a href=\"https:\/\/soswketrzyn.pl\/wp-content\/uploads\/2023\/04\/PORADNIK_RODZICA_nr_4.pdf\" class=\"wp-block-file__button wp-element-button\" download aria-describedby=\"wp-block-file--media-c9c89efe-02ca-46f6-8ddc-e88fd4797338\">Pobierz<\/a><\/div>\n\n\n\n<div data-wp-interactive=\"core\/file\" class=\"wp-block-file\"><object data-wp-bind--hidden=\"!state.hasPdfPreview\"  class=\"wp-block-file__embed\" data=\"https:\/\/soswketrzyn.pl\/wp-content\/uploads\/2023\/04\/PORADNIK_RODZICA_nr_5.pdf\" type=\"application\/pdf\" style=\"width:100%;height:600px\" aria-label=\"Osadzone z PORADNIK_RODZICA_nr_5.\"><\/object><a id=\"wp-block-file--media-367ce3e5-2ce9-49a2-8492-160945e25a7d\" href=\"https:\/\/soswketrzyn.pl\/wp-content\/uploads\/2023\/04\/PORADNIK_RODZICA_nr_5.pdf\">PORADNIK_RODZICA_nr_5<\/a><a href=\"https:\/\/soswketrzyn.pl\/wp-content\/uploads\/2023\/04\/PORADNIK_RODZICA_nr_5.pdf\" class=\"wp-block-file__button wp-element-button\" download aria-describedby=\"wp-block-file--media-367ce3e5-2ce9-49a2-8492-160945e25a7d\">Pobierz<\/a><\/div>\n","protected":false},"excerpt":{"rendered":"<p>BEZPIECZE\u0143STWO W SIECI Najcz\u0119stsze zagro\u017cenia, na jakie nara\u017cone s\u0105 dzieci w Internecie: Szkodliwe tre\u015bci CYBERPRZEMOC Cyberprzemoc to nowe oblicze przemocy &hellip; <\/p>\n","protected":false},"author":1,"featured_media":0,"parent":0,"menu_order":0,"comment_status":"closed","ping_status":"closed","template":"","meta":{"footnotes":""},"class_list":["post-132","page","type-page","status-publish","hentry"],"_links":{"self":[{"href":"https:\/\/soswketrzyn.pl\/index.php\/wp-json\/wp\/v2\/pages\/132"}],"collection":[{"href":"https:\/\/soswketrzyn.pl\/index.php\/wp-json\/wp\/v2\/pages"}],"about":[{"href":"https:\/\/soswketrzyn.pl\/index.php\/wp-json\/wp\/v2\/types\/page"}],"author":[{"embeddable":true,"href":"https:\/\/soswketrzyn.pl\/index.php\/wp-json\/wp\/v2\/users\/1"}],"replies":[{"embeddable":true,"href":"https:\/\/soswketrzyn.pl\/index.php\/wp-json\/wp\/v2\/comments?post=132"}],"version-history":[{"count":2,"href":"https:\/\/soswketrzyn.pl\/index.php\/wp-json\/wp\/v2\/pages\/132\/revisions"}],"predecessor-version":[{"id":229,"href":"https:\/\/soswketrzyn.pl\/index.php\/wp-json\/wp\/v2\/pages\/132\/revisions\/229"}],"wp:attachment":[{"href":"https:\/\/soswketrzyn.pl\/index.php\/wp-json\/wp\/v2\/media?parent=132"}],"curies":[{"name":"wp","href":"https:\/\/api.w.org\/{rel}","templated":true}]}}